 -4*q + 4*r. Calculate the remainder when u is divided by q.
13
Suppose 0 = f + 6*f - 49. Calculate the remainder when 48 is divided by f.
6
Let l be 43 - (-2 + -2 + 5 - -2). Suppose 0 = -4*n + 9*n - l. Calculate the remainder when 79 is divided by n.
7
Suppose x - 3*j - 20 = 0, 5*j + 10 = -5*x + 2*x. Let v(a) = a**2 - 12*a + 36. What is the remainder when v(9) is divided by x?
4
Let z(r) = -r**3 - 3*r + 15. What is the remainder when 29 is divided by z(0)?
14
Let d(x) = 34*x + 54. What is the remainder when d(4) is divided by 6?
4
Let z(l) = 12*l - 134. What is the remainder when ((-4)/(-5))/((-7)/(-1470)) is divided by z(14)?
32
Let o(y) = y**3 + 33*y**2 + 30*y - 52. What is the remainder when 188 + (-3)/(-1) + 0 is divided by o(-32)?
11
Let i = 171 + -95. Suppose -7*t = -10*t - b + i, 64 = 2*t - 2*b. Calculate the remainder when 53 is divided by t.
26
Let n = 4 + -4. Let c be 3 + -2 - (n - -6). Let o = 8 + c. What is the remainder when 7 is divided by o?
1
Calculate the remainder when (-686 + -1)*((-182)/(-21) + -9) is divided by 58.
55
What is the remainder when 9 + -3 + 0/(-2) + 455 is divided by 66?
65
Let p be 13 + -9 + 226/(-1). Let x be p/(-5) + 18/(-45). Suppose 0 = -2*f - 3*h + x, 0*f - 4*f + 5*h = -110. What is the remainder when f is divided by 13?
12
Let r(m) = -m**2 + m + 6. Let n be r(0). Suppose -109 = -n*f - 13. What is the remainder when f is divided by 5?
1
Let k = -1034 + 1116. Calculate the remainder when k is divided by 23.
13
Let h(v) = 21*v**2 + 24*v - 54. What is the remainder when h(2) is divided by 23?
9
Let j = 225 + -217. What is the remainder when 141 is divided by j?
5
Let b = 85 - 14. What is the remainder when b is divided by 12?
11
Calculate the remainder when (0 - -12)/12*321 is divided by 23.
22
Let g = -15 + 20. Suppose -4*u = -3*l + 6, -2*l - u = -g*l + 6. Suppose b = -q + 78, -l*b + 0*b = -5*q - 149. What is the remainder when b is divided by 16?
13
Calculate the remainder when 258 is divided by 52*((-63)/12 + 6).
24
Suppose -52*s = -50*s + 2, -2*f + 407 = 3*s. What is the remainder when f is divided by 16?
13
Let z = -31 + 27. Calculate the remainder when 54 is divided by 275/20 - 1/z.
12
Let s = 728 + -657. What is the remainder when 917 is divided by s?
65
Let q(p) = -p**3 + 10*p**2 - 9*p + 1. Suppose -5*g - 3*h + 28 = -78, 2*h = -6. What is the remainder when q(6) is divided by g?
22
Let t = -427 + 450. What is the remainder when 46 is divided by t?
0
Suppose 3*y - 8*y = 15, 120 = t + y. Calculate the remainder when t is divided by 9.
6
Suppose -3*z = 2*u - 59, -5*z - 208 = -5*u - 73. Let s(c) = 10*c + 13. What is the remainder when s(4) is divided by u?
25
Let p(r) = 2*r**3 - 57*r**2 - 62*r + 57. What is the remainder when p(30) is divided by 31?
29
Let w(t) = t**2 - 2*t - 10. Let z be w(7). Let h = 70 - z. Calculate the remainder when 178 is divided by h.
43
Let b(h) = 2*h**2 + 8*h - 21. Calculate the remainder when b(-9) is divided by 15.
9
Suppose -21 = -3*p - 3*u, -p = -3*p + 4*u + 26. Calculate the remainder when 80 is divided by p.
8
Suppose -3*r - 5 = -2*l, 4*l + 1 = r + 16. Suppose -2*v - 19 - r = 0. Calculate the remainder when -9 - v - -1*47 is divided by 10.
8
Suppose 0 = k + m - 20, k = -0*k + 2*m + 20. Calculate the remainder when 217 is divided by k.
17
Suppose 0 = 4*u - 4*v, -v - 3 + 15 = 3*u. Calculate the remainder when (u + 40)*(-2 - -3) is divided by 23.
20
Suppose -p + 8*i - 4*i = -16, 10 = -5*i. Let z(n) = 14*n - 15. Calculate the remainder when z(p) is divided by 20.
17
Let p be 1/(-2) + 651/14 + 1. Suppose 23 = 3*y - 4*g, -2*g + p = -2*y + 7*y. Calculate the remainder when y is divided by 1.
0
Let x(d) = -d**3 + 8*d**2 - 7*d + 1. Suppose -6*h - 1 + 31 = 0. Calculate the remainder when 79 is divided by x(h).
38
Suppose -191 - 221 = -b. Calculate the remainder when b is divided by 137.
1
Let i be (-1)/(3 + (-48)/15). Suppose i*q = -0*q + 215. Let p = q - -6. What is the remainder when p is divided by 26?
23
Suppose 2*m - m - 55 = 0. Suppose 31 = 196*p - 192*p - 5*k, -2*k = -p + 4. What is the remainder when m is divided by p?
13
Let j = 2045 + -1342. What is the remainder when j is divided by 16?
15
Let q be 3/24*17 - (-1)/(-8). Suppose 5*s = 83 + q. What is the remainder when 32 is divided by s?
15
Suppose -15*l + 4*l = -341. Calculate the remainder when 133 is divided by l.
9
Let t = 1615 + -1603. Calculate the remainder when 254 is divided by t.
2
Suppose 125 - 26 = 5*p + t, p - 22 = 2*t. Suppose p*f = 22*f - 78. What is the remainder when 194 is divided by f?
38
Suppose 5*h + j - 15 = 0, -4*j + j + 15 = 0. Suppose 0 = 5*d + c - 74, -54 = -3*d - c - h*c. Let a = 89 + -50. What is the remainder when a is divided by d?
11
Suppose 9 = 3*i, -2*i = -4*n + 62 + 212. What is the remainder when 628 is divided by n?
68
Let g be (-1)/2 - 11/(-2). Suppose -g*u - 70 = -10*u. Calculate the remainder when 24 is divided by u.
10
Suppose 0*c + c = -5*w + 92, -61 = -4*w - 5*c. Calculate the remainder when 113 is divided by w.
18
Suppose -3*i = -5*v - 123, -2*i + 159 = 2*i - 5*v. Suppose 0 = 2*a - 3*x - 203, 2*a - 69 - 128 = 5*x. Calculate the remainder when a is divided by i.
34
Let q be (-1)/(-4) - (-5)/(-20). Suppose 0 = -2*y - q*y + 20. Let g = 18 - y. What is the remainder when 38 is divided by g?
6
Suppose -27*b - 1924 = -64*b. Calculate the remainder when 160 is divided by b.
4
Let q(h) = 2*h**3 - 10*h**2 + 3*h - 44. What is the remainder when q(8) is divided by 93?
85
Let h(y) = 5*y**2 + 14*y - 44. Calculate the remainder when h(5) is divided by 8.
7
Suppose b + 302 = 3*b. Calculate the remainder when b is divided by 387/1419 - 478/(-22).
19
Let t be (-310)/70 - -4 - 73/(-7). Suppose -t*p = -27*p + 1734. Let g(a) = -3*a + 8. Calculate the remainder when p is divided by g(-6).
24
Let s(f) be the third derivative of -13*f**4/24 - 2*f**3 - 15*f**2. What is the remainder when s(-6) is divided by 35?
31
Let b = -431 + 487. Calculate the remainder when 329 is divided by b.
49
Let o = -48 - -87. Suppose -3*y + 5*f + 140 = 0, y - 2*f = -f + 44. Suppose -v = v - y. What is the remainder when o is divided by v?
19
Let r = -93 + 96. Suppose -61*x - r = -62*x. What is the remainder when 10 is divided by x?
1
Let a(k) = k**2 - 20*k + 195. Calculate the remainder when a(9) is divided by 11.
8
Suppose -2*q + 0 - 2 = 0, 0 = -3*w + 3*q + 87. Let j be 1 + ((-6)/(-3) - -72). Suppose 8*y = 3*y + j. What is the remainder when w is divided by y?
13
Suppose 0*j + 6 = -2*j. Let w(q) = q**3 + 6*q**2 + q - 6. Calculate the remainder when 107 is divided by w(j).
17
Let i(n) = -2*n**3 + 15*n**2 - 5*n - 24. Suppose -3*u + 11 = -73. What is the remainder when i(6) is divided by u?
26
Let t(j) = j**3 + 17*j**2 - 2*j - 12. Let q be t(-17). Suppose -q = 5*r - 102. What is the remainder when 62 is divided by r?
14
Suppose 4*f + 5*z = 115, -5*z - 35 = 3*f - 4*f. Suppose -4*b + b = j + 26, 5*b = 5*j + f. Let k = j + 16. Calculate the remainder when k is divided by 2.
1
Let i(z) = -42*z + 97. What is the remainder when i(0) is divided by 25?
22
Let q = -16 + 105. Calculate the remainder when q is divided by 30.
29
Let t(j) = -2*j**2 - 1. Let g be t(-2). Let n be (-38)/57 - 32/6. Calculate the remainder when 25/3 + n/g is divided by 5.
4
Let w(x) = 6*x - 65. Let d be w(15). Let q = d + -18. What is the remainder when q is divided by 4?
3
Let j = -24 - -63. What is the remainder when j is divided by 744/34 + 14/119?
17
Let q(i) = -2*i**2 + 10*i + 68. Let p be 2*-4 + 1 + 1. What is the remainder when (28/6)/(p/(-99)) is divided by q(8)?
17
Suppose 3*k + k = -916. Suppose -35 = -h + 3*a - 0, -90 = -4*h + 2*a. What is the remainder when (-6)/(-9) + k/(-3) is divided by h?
17
Suppose 3*o - 4*f + 434 = 8*o, 3*o - 261 = -3*f. Suppose -250 = -4*y - o. What is the remainder when y is divided by 27?
14
Suppose 63*h = 61*h + 110. Calculate the remainder when h is divided by 14.
13
Calculate the remainder when 51 is divided by (19 - 22)/((-1)/4).
3
Let x(a) = 32*a + 813. What is the remainder when x(-21) is divided by 60?
21
Let o = 879 + -857. Calculate the remainder when 43 is divided by o.
21
Let b be -25 - ((0 - 4) + 8). Let y = b + 37. Suppose -6 = -m - 1. Calculate the remainder when y is divided by m.
3
Let q(i) = i**2 + 5